3 - -18283. What is the highest common factor of 80 and y?
20
Suppose 2520 = 166*f - 160*f + 48. What is the highest common divisor of f and 515?
103
Let o be (-1770)/(-3835) + -196*14/(-26). What is the highest common divisor of 11554 and o?
106
Let u = -39 + 51. Suppose c + u = 3*m, -c + 23 = -3*c + 5*m. Let y be (-5 + -1)*(6 + c). What is the greatest common divisor of 12 and y?
6
Let o = -106 + 128. Suppose -162 + o = -4*j. Calculate the greatest common divisor of j and 7.
7
Suppose 26*p + 2 - 2 = 0. Suppose p = -t - 94 + 100. Let f be 1 + 1 + 0/(-4). What is the highest common divisor of f and t?
2
Let i be (-28)/(-6)*15/10. Let v(s) = -41*s - 60. Let h be v(-3). What is the greatest common factor of h and i?
7
Let k(d) = d**3 + 9*d**2 + 45*d + 269. Let u be k(-5). Calculate the greatest common factor of u and 32.
16
Let a(u) = -u + 4. Let s be a(10). Let j be ((-1)/(-3)*-5)/(s/72). Suppose -16*k + j = -15*k. Calculate the greatest common divisor of 160 and k.
20
Let z(t) = 2*t**3 + 112*t**2 - 89*t - 289. Let c be z(-55). What is the greatest common divisor of c and 12?
12
Suppose 2*q = 3*n + 69, 2*q + n = 91 - 2. Let c = q - -87. Calculate the highest common divisor of 43 and c.
43
Let z(l) = -2*l**3 - 11*l**2 + 5*l - 1. Let v be z(-6). Suppose 442 = v*h + 2*s - 0*s, h - 3*s - 85 = 0. What is the greatest common divisor of h and 66?
22
Let j(p) = 57*p**2 - 193*p + 54. Let q be j(7). Calculate the highest common divisor of 44 and q.
44
Suppose 16*p + 9*p = -6 + 256. Suppose 2*x + 5*f = 95, 176 = x + 3*x - 4*f. What is the greatest common divisor of x and p?
5
Suppose -13*r = -105 - 168. Suppose r*j - 476 = 7*j. Calculate the greatest common factor of 187 and j.
17
Let g(y) = 4*y + 56. Let z be g(-13). Suppose -z*l + 5*o = 7, 3*o = 10 - 1. Suppose l*b = 412 - 118. What is the greatest common divisor of 21 and b?
21
Let a = 3445 + -3057. What is the greatest common factor of 28 and a?
4
Let j = 47 - 49. Let u be 48/(-60)*15/j. Suppose u*r + 4*r - 110 = 0. Calculate the greatest common factor of 99 and r.
11
Let o be (-151017)/(-426) - (-1)/2. Calculate the highest common factor of 2201 and o.
71
Let v be 3088/12 + 6/9. Let k = 280 - v. Calculate the highest common divisor of 88 and k.
22
Let r(i) = -2*i**3 - 58*i**2 + 47*i + 311. Let w be r(-30). Calculate the greatest common divisor of w and 1.
1
Let v(m) be the second derivative of -35*m**3/6 + 13*m**2/2 + 11*m - 3. Let i be v(-1). What is the highest common factor of 3 and i?
3
Let l be (-6)/(-33) - ((-10)/(-11))/5. Suppose l = -h - 2*h + 2*p - 239, 4*p = -8. Let r = 98 + h. What is the highest common divisor of r and 68?
17
Let j(i) = 42*i**2 - 1. Let p be 4/(-16) + 15/12. Let h be j(p). Suppose 2*x - 184 = -20. What is the highest common factor of h and x?
41
Suppose 0 = 4*l + 12, l - 2*l - 19 = 4*n. Let v be 1/n + (4 - (-231)/28). Let m(d) = -3*d + 42. Let h be m(v). Calculate the greatest common divisor of h and 2.
2
Let s be (-1426)/6*(-9)/(-3). Let q = -297 - s. Suppose 5*x = -15, i + 169*x - 174*x = 67. What is the highest common factor of q and i?
52
Suppose -8*y + y + 140 = 0. Let t be 67 + 10/(y/6). Calculate the greatest common divisor of 56 and t.
14
Let x(i) = -37*i + 753. Let n be x(13). Let a(w) = w**2 - 3*w - 2. Let q be a(-2). Calculate the greatest common factor of n and q.
8
Suppose t + 3*w - 818 = 0, 0 = -2*t - w - 2*w + 1654. What is the highest common factor of 456 and t?
76
Let t be -12*((-169)/676)/(2*2/8). Let i = 6 - 3. Calculate the greatest common factor of t and i.
3
Let c(r) = 2*r**3 - 162*r**2 + 3*r - 219. Let l be c(81). What is the greatest common divisor of l and 1240?
8
Suppose -36 = -91*n + 87*n. Let z be (60/n)/(-4 + (-122)/(-30)). Calculate the highest common divisor of 80 and z.
20
Suppose 0 = -2*t - 5*d - 943, 2*t + 4*d - 465 = 3*t. Let n be 560/(-6)*30/(-4). Let k = n + t. Calculate the greatest common divisor of 21 and k.
21
Let j = 8035 - 7895. What is the greatest common divisor of j and 5740?
140
Let t be 6/(-27) + 1792/126. Let s be ((-8)/12)/(t/21) + 271. Calculate the highest common divisor of 36 and s.
18
Suppose -3*v = 66 - 0. Let q = 62 - v. Calculate the highest common factor of 28 and q.
28
Let u be 1*2930/20 - ((-60)/(-8))/5. Calculate the greatest common divisor of u and 15.
5
Suppose 27*i - 5*i - 660 = 0. Let n = 38 + i. Calculate the highest common divisor of 68 and n.
68
Let c = -16984 + 24187. What is the greatest common factor of 21 and c?
21
Suppose 2*p = u + 1, 4*p - u - 10 = -p. Suppose p*y - 2*w + 0*w = 35, -w = -5. Let g be 5*6/y - -53. Calculate the highest common factor of g and 5.
5
Let a be 5/((-1)/2 + (-1)/(-1)). Let s be 2/a - 3/(30/(-518)). Calculate the highest common factor of s and 4.
4
Suppose 8*s - 7*s = -21*s + 5874. What is the highest common factor of s and 890?
89
Let x be -2878*(4/20)/(2/(-5)). Let w(f) = -7 - 16 - x*f + 1572*f. Let u be w(3). Calculate the greatest common divisor of 47 and u.
47
Suppose 4*t - 3*s = 40600, -4*t + 26013 = -2*s - 14591. Calculate the greatest common factor of 142 and t.
71
Let k be 8/(32/(-42)) + 1/2. Let z be (1232/20)/((-4)/k). Let y = 18 + -4. Calculate the greatest common divisor of z and y.
14
Suppose 2*h - 103*y + 98*y - 380 = 0, 5*h + 7*y = 1028. What is the greatest common divisor of 1350 and h?
50
Let h be (-20)/35 + (-31)/((-651)/936). What is the highest common factor of 165 and h?
11
Suppose 261*n - 92330 = 100771 + 166557. What is the greatest common divisor of 208 and n?
26
Let b = 1520 - 1016. What is the greatest common factor of b and 32?
8
Suppose -5*i = 8*u - 86, -i - u - 13 + 26 = 0. Calculate the greatest common divisor of 9786 and i.
6
Suppose -12*g + 11*g = -2*n + 50, 34 = n - 5*g. Suppose n*j + 616 = 2200. What is the highest common divisor of 110 and j?
22
Suppose w + 9 = 4*t + 12, -2*w + 46 = 2*t. What is the greatest common factor of 61 and w?
1
Let f = 94 - 56. Let h = -120051 - -120053. Calculate the greatest common divisor of f and h.
2
Let s(f) = 25*f**2 + 4*f - 3. Let i be s(2). Suppose -183*j + 3150 = -60*j - 2016. Calculate the greatest common divisor of i and j.
21
Let p be -3 + -1 + 1 + 7. Suppose -p*a + 4*d = -1332, 3*a + d - 3*d - 995 = 0. Calculate the highest common factor of a and 7.
7
Let k = 4455 - 3784. What is the highest common divisor of k and 803?
11
Suppose g = -3*g - 5*g. Let l(i) = -i**3 + i + 24. Let v be l(g). Calculate the highest common factor of 60 and v.
12
Suppose -2018 = -3*k - 4*l, 0 = 2*k - 5*k - l + 2012. What is the highest common divisor of k and 3618?
134
Let s(t) be the third derivative of 0*t + 0 - 5/24*t**4 - 17/6*t**3 - 28*t**2. Let j be s(-9). Calculate the greatest common factor of j and 4.
4
Suppose 0 = -5*o + 3*l + 1452, -l + 284 = -12*o + 13*o. What is the highest common factor of o and 54?
18
Let v(w) = 4*w**2 + 6*w + 8. Let g(s) = 5*s**2 + 7*s + 7. Let i(c) = -3*g(c) + 4*v(c). Let k be i(-5). Calculate the highest common divisor of 231 and k.
21
Suppose 0 = -2*c + f + 54, 34 = 4*c - 3*c - 4*f. Suppose 5*d + c - 431 = 0. Suppose 5*i - 11 = 34. What is the highest common factor of d and i?
9
Let y = -728 - -754. Let u(z) = -z**3 + 7*z**2 - 7*z + 4. Let p be u(6). Let q be (p - 0)*195/(-6). Calculate the greatest common divisor of y and q.
13
Suppose 0 = -5*z - 95 + 1585. Suppose 6*n = 296 + z. Calculate the highest common factor of 11 and n.
11
Suppose 0*c - 2*c + 318 = l, -l - 3*c = -321. Let r = -334561 - -334569. What is the greatest common factor of l and r?
8
Let k(r) = r**2 + 9*r + 37. Let v be k(-7). Suppose 2*i + 4 = t + t, 0 = -3*t + 12. Let y be i*(0 + 21)*92/24. What is the greatest common factor of v and y?
23
Let o = 26 - 28. Let g be (-5 - 69)/(o + 1). Suppose -3*k - 9*b + 560 = -4*b, 2*k = -5*b + 375. What is the highest common factor of g and k?
37
Let p(x) = -18 - 13*x**3 - x - 5*x + 2 - x**2. Let b be p(-2). What is the greatest common divisor of b and 72?
24
Let l = -8778 + 8798. Calculate the greatest common factor of 4090 and l.
10
Let z = 12 - -35. Let n = -150 + z. Let w be n/(-1) + (12/(-3) - -7). What is the highest common divisor of 265 and w?
53
Let m = 612 - 432. Suppose -5*b + 62 = -f + 3*f, -5*b - 4*f = -64. What is the highest common divisor of b and m?
12
Suppose 51*